 = 2*m. Give f(p).
-13
Let y(b) = -7*b - 25. Let v(i) = 9*i + 30. Let z(l) = -4*v(l) - 5*y(l). Give z(6).
-1
Let w(d) = 161*d - 89 + 490 - 562*d + 171*d + 163*d. What is w(6)?
-1
Let n(x) be the third derivative of -84*x**2 + 0*x + 7/6*x**3 + 0 - 1/24*x**4. What is n(8)?
-1
Let g be (-11 + 12)/(-1 + 8/6). Suppose g*a + l - 22 = 0, l = -2*a - 0*a + 15. Let w(o) = o + 5. Calculate w(a).
12
Let z(x) = -x**3 - 27*x**2 + 30*x + 43. Let i be (-29 + 1)*((-12)/(-15))/(220/275). Calculate z(i).
-13
Let z be 24/60 + (-76)/(-10). Let d(c) = 3 - 8*c + 17*c**2 - 2*c + 4 - 18*c**2 + 18*c. Determine d(z).
7
Let c(w) = -w**2 - 47*w - 245. Let k be c(-41). Let a(g) = -22*g + 7. What is a(k)?
-15
Let u be 8/12*(-4)/3*135/(-40). Let v(f) be the first derivative of 24 - 3*f**2 + 5*f - 2/3*f**u + 1/4*f**4. What is v(4)?
13
Let w(o) be the first derivative of -o**4/4 + 15*o**2/2 - 9*o - 10347. What is w(5)?
-59
Let m(u) = 2*u**3 + 10*u**2 - 30*u - 7. Let b be m(-7). Let c(i) = 10*i - 1. What is c(b)?
69
Let f(v) = 536*v + 8572. Let p be f(-16). Let l(i) be the first derivative of -i**3/3 - i**2 + 6*i - 1. Calculate l(p).
-2
Suppose -4*s + 6 = -3*t, 0*s - 2*t - 11 = -5*s. Let q be 2 - -1*((-6)/s - -4). Let j(z) = q + 11*z**2 - 12*z**2 - 3 - 2. Determine j(2).
-5
Let k(u) = 2 + 3 - 5 + 2*u + 10. Let b(q) = q + 4. Let w(m) = 8*b(m) - 3*k(m). Let n be (-12)/8*(-24)/(-9). Determine w(n).
-6
Let f(y) = -2*y - 2 + 3*y + 6*y + 1. Let a(j) = -2*j + 16. Let d be a(4). Let l(i) = -i**3 + 10*i**2 - 19*i + 23. Let q be l(d). Calculate f(q).
-8
Let f(a) = 32*a + 38*a - 326 + 7*a + 73*a - 106*a. What is f(7)?
-18
Let a(x) be the first derivative of -x**5/10 + x**4/12 + x**2 - 16*x + 8. Let i(j) be the first derivative of a(j). Give i(2).
-10
Let r(w) be the second derivative of w**3/6 - w**2/2 - 9*w + 11. Suppose 0 = -3*q - 5*v + 8, -4*v + 10 = 3*q - 0*v. Give r(q).
5
Let h(q) = -19*q + 126*q**2 - 103*q**2 + 3 + 2*q**3 - 30. Let b be h(-12). Let m(p) = b*p - 6*p**2 + p**3 - 10 - 54*p + 10. What is m(6)?
18
Let g(x) be the third derivative of x**6/120 + 13*x**5/60 - x**4/24 + 23*x**3/6 - 2*x**2 + 76. Let a(u) = -u**2 - u - 2. Let r(t) = 6*a(t) + g(t). Give r(-8).
3
Let s be 9 - 0 - (-1 - -1). Let b(r) = s - 104*r + 2 + r**3 + 117*r - 4 + 7*r**2. Let g be b(-5). Let m(z) = -2*z - 3. Give m(g).
13
Let x(w) = -w**2 - 11*w - 15. Let y be x(-15). Let u = -76 - y. Let c(n) = 4*n + 2 - 4*n - 12*n**2 - 1. Determine c(u).
-11
Let c be ((-70)/(-20) - 6/(-4)) + -3. Let w(o) = 110 - 5*o - 114 + o**2 - c*o**2. Give w(-5).
-4
Let t = -19 + 17. Let k(m) = -7*m**2 + 4*m**2 - 5*m + 0*m**2 - 2 + 2*m**2. What is k(t)?
4
Let l(j) = -j**3 + 6*j**2 - 2*j - 2. Let b(t) = -t - 17. Let h be b(-19). Suppose 0 = -5*a - h*a - 2*a. Let i be 6*((-8)/(-12) - a)/1. Give l(i).
22
Let l(i) = -35 - i**2 + 31*i + 73 - 23*i - 36 - i**3. What is l(-3)?
-4
Let h(z) = -z**2 - 12*z - 29. Let n be -1*(-3 - (-2 + 3)*-10). Let s be h(n). Let r(i) = -2*i**2 + 9*i - 1. Give r(s).
-19
Let u(w) = 9*w**3 + 2 - 1 - 3*w**3. Suppose 3295*o - 10 = 3310*o + 5. Give u(o).
-5
Let x(f) = 491*f - 5*f**2 - 248*f - 248*f - 4 + 0 - f**3. Let b be (9 - 4)*8/(-10). Give x(b).
0
Suppose 3*f - f + 13 = j, -3*f + 4*j = 27. Let q be 4/(32/9) + f/40. Let l(o) = -12*o**2 + 1. Calculate l(q).
-11
Let x(j) = -312*j - 79 - 280*j + 597*j. Determine x(19).
16
Let a(v) = 2*v**2 + 28*v + 7. Suppose 1910 = 22*i + 2240. What is a(i)?
37
Let i(o) = 855*o - 2564. Let v be i(3). Let f(q) = 66*q - 66. What is f(v)?
0
Let g = 38 + -33. Let v be -3 + (g - -2) + (-2 - -1). Suppose 5*y + 1 = 5*x + 21, v*x = 2*y - 13. Let b(z) = -z**2 - 7*z - 1. Give b(x).
9
Suppose 0 = -5*p + 3*q - 336, 4*q - 7*q + 6 = 0. Let c = p + 62. Let r(w) = w**2 - 2*w - 6. Calculate r(c).
18
Let r(y) = -30*y + 1. Suppose 0 = 4*b + 85*f - 87*f - 2, 0 = -4*b + 5*f - 1. What is r(b)?
-29
Let b(v) = -19*v**2 - 30*v + 182. Let u(j) = 12*j**2 + 20*j - 120. Let a(d) = 5*b(d) + 8*u(d). Calculate a(-14).
6
Let j(c) be the second derivative of -7/3*c**3 - 17 + 1/12*c**4 - 2*c - 23/2*c**2. What is j(15)?
-8
Let v(t) = -t**2 - 25*t + 54. Let p = 220 - 247. Let n be v(p). Let o(w) = -w + 2. Determine o(n).
2
Let t(c) = -5*c - 6. Let d(s) = -4*s - 5. Let w(a) = 6*d(a) - 5*t(a). Let u(f) = 2*f - 1. Let x(v) = -2*u(v) + 6*w(v). Give x(2).
6
Let s(d) = 134*d + 46. Let l(b) = 96*b + 31. Let h(i) = 7*l(i) - 5*s(i). Calculate h(8).
3
Suppose -22 + 4 = 6*r. Let w be 50/15 + -3 + 16/r. Let g(z) = z**3 + z + 267*z**2 - 263*z**2 - 7*z + 3. Calculate g(w).
8
Let w(j) be the third derivative of j**6/60 - j**5/12 - j**4/24 - j**3/6 - 538*j**2. What is w(3)?
5
Suppose 0 = 21*n - 14*n - 14. Let f be n/((6/(-2))/(-9)). Let l(y) = -y - 1. What is l(f)?
-7
Let f(c) be the first derivative of 11/2*c**2 + 1/3*c**3 + 12*c - 17. Give f(-8).
-12
Suppose 0 = -20*a + 15*a - 225. Let l be -2 - (a/36)/(1/(-4)). Let m(y) = y**3 + 6*y**2 - 10*y - 8. Calculate m(l).
13
Let g(y) = 5*y + 2. Let u = 116 - 44. Suppose 15*s - 33*s - u = 0. Determine g(s).
-18
Let k(t) = -7*t**3 - 2*t**2 - 2*t + 18. Let q(o) = 2*o**3 + o**2 + o - 2. Let f(p) = k(p) + 4*q(p). What is f(-3)?
-5
Let i(q) = 17*q**3 + 4*q**2 - 18. Let c(p) = -5*p**3 - 2*p**2 + 6. Let h(z) = -7*c(z) - 2*i(z). Determine h(-4).
26
Let u(i) = -i**3 - 9*i**2 + 11*i + 9. Let b(n) = 81 - 5*n - 105 - 15*n. Let q be b(-15). Let k be 0 + q/(-27) + 2/9. What is u(k)?
-1
Let t(r) = 2857 - 8*r + 6*r - r - 2955. Give t(-29).
-11
Let l(q) = 29*q + 131. Suppose -13*k - 22452 = -22387. Determine l(k).
-14
Let b(t) = -t**3 + 15*t**2 - 2. Let k = -2108 - -2123. Determine b(k).
-2
Let h(g) = -g - 29. Let d be h(-13). Let m be -1 + d/(-2 + -2). Suppose -m*a - 48 = 5*t, -4*a - 1 = 3. Let k(w) = -w**3 - 10*w**2 - 9*w + 6. Give k(t).
6
Let n(h) = -h**2 - 8*h - 7. Let d(z) = 4*z**2 + 2*z - 51 - 5*z**2 - 50 + 102. Let f be d(2). Suppose f = -4*l - 19. What is n(l)?
8
Let g(b) be the second derivative of -b**3/3 - 3*b**2/2 - 7573*b. Let p(m) = m**3 - 6*m**2 - 8*m + 10. Let x be p(7). What is g(x)?
-9
Let n(g) = -g**3 + 10*g**2 - g - 11. Let c be n(9). Let r(k) = -c*k + 55*k + 8 + 1. Let b be r(3). Let s(f) = f + 19. Give s(b).
10
Let p(r) = 5*r**3 - 6*r**2 - r - 18. Let u(d) = 11*d**3 - 10*d**2 - 2*d - 32. Let a(w) = 7*p(w) - 4*u(w). Give a(-1).
8
Let d(q) be the second derivative of -5/6*q**4 - 26 + 2*q - 4/3*q**3 + 3/2*q**2 - 1/20*q**5. Determine d(-9).
-6
Let o(x) = x + 13*x + 500*x**2 - 166*x**2 - 32 - 167*x**2 - 166*x**2. Give o(-16).
0
Let d(v) = 7*v + 38. Let z(s) = 6*s + 40. Let n(u) = -2*d(u) + 3*z(u). Calculate n(-7).
16
Let b(d) = -13*d**3 - 8*d - 1352 - 8*d**2 + 1358 + 12*d**3. Determine b(-7).
13
Let t(j) be the third derivative of 7*j**2 + 0 + 1/120*j**6 + 1/15*j**5 - 5/6*j**3 + 1/24*j**4 - 18*j. Calculate t(-3).
1
Let o(b) = 3*b**2 - 49*b - 100. Suppose 47*g + 14 = 152*g + 224. Calculate o(g).
10
Let c(p) = p**3 + 2*p**2 - 5*p - 1. Let v be c(-3). Suppose 0 = -6*d + 2*d. Let y(h) = -10*h - v + h + d*h + 8*h. Calculate y(-8).
3
Let t(q) = 2*q**2 + 11*q - 12. Suppose -39*o + 90 = -0*o + 6*o. Calculate t(o).
18
Let u(y) = -y**2 + 10*y - 6. Suppose x + 22 = -6*z + 8*z, -z - 34 = 2*x. Let v be (-159)/x + 19/114. Calculate u(v).
3
Let a(s) = 35*s**2 - 104*s**2 + 34*s**2 + 34*s**2. Let n(w) = -4*w**2. Let j(p) = -3*a(p) + n(p). Calculate j(1).
-1
Let t(y) = 3*y + 16. Let w be t(0). Let c(v) = w*v - 13*v + 3 + 8*v**2 - 9*v**2. Calculate c(3).
3
Let k(t) = 12 - 101*t**2 + 399*t**2 - 104*t**2 - 7*t - 195*t**2. Calculate k(2).
-6
Let y(b) = -8*b + 1. Suppose -84 = -18*f + 12*f - 78*f. Determine y(f).
-7
Let d = -426 - -770. Let j = d + -349. Let o(g) be the first derivative of -g**3/3 - 7*g**2/2 - 3*g - 1. Calculate o(j).
7
Let l(n) = -1 - 13 + 9 - 2*n**2 + 21*n - 26*n. Let t be (-8 - -6)*(-2 - -3). What is l(t)?
-3
Let p(u) = u + 33. Let z be p(-2). Suppose 6*q - 7*q - 5 = 0, -4*q - z = -k. Let t(f) = 2*f - 13. Determine t(k).
9
Let j(f) = 2*f + 14. Let y(b) = -3*b**3 - 3*b. Let m be y(0). Suppose 8*s + 174 - 174 = m. What is j(s)?
14
Let f(s) = 6*s + 125. Let p be f(-21). Let o(q) be the third derivative of 11/24*q**4 + 3*q**2 + 0*q + 0 - 1/6*q**3. What is o(p)?
-12
Let r(v) be the second derivative of 1/6*v**3 - 3/2*v**2 + v + 103. Calculate r(9).
6
Let p(r) = 11*r**2 + 14*r - 75. Let n(y) = 